-4*o, 7*k - 22 = -5*o + 3*k. Let y(l) = 17*l + 2. Let v be y(o). Suppose -3*a + v = -0*a. List the prime factors of a.
2, 3
Let i(m) = 41*m + 26. List the prime factors of i(3).
149
Let t(r) = 4 + r**2 + 5 - 1 - 10*r. What are the prime factors of t(10)?
2
Let n be (-204)/(-14) + (-36)/63. Let u = 26 - n. What are the prime factors of u?
2, 3
Let v(x) = 3*x - 8. Let c be v(9). Let i = c + 0. Suppose -3*m = n - i, 3*m + 9 = m - 5*n. What are the prime factors of m?
2
Let c be 4/(-1)*(1 + 0). Let l = c + 6. Suppose -l*b + 2 + 18 = 0. List the prime factors of b.
2, 5
Let o(b) = b**2 + 2*b + 33. What are the prime factors of o(0)?
3, 11
Let h(n) = n**2 + 7*n + 3. Let q be h(-6). Let c = 11 - q. What are the prime factors of c?
2, 7
Suppose 0 = -4*s + 7*s + 18. Suppose 6*u + 27 = 3*u. Let y = s - u. List the prime factors of y.
3
Let f(x) be the first derivative of 17*x - 1/2*x**2 - 2 - 1/3*x**3 + 1/4*x**4. List the prime factors of f(0).
17
Let s = 205 - 95. What are the prime factors of s?
2, 5, 11
Suppose -4*n - 5*r = -n + 9, 10 = -n - 4*r. Suppose n + 2 = y. List the prime factors of y.
2
Suppose -3*r = -15, 0*a - 259 = -4*a + 5*r. List the prime factors of a.
71
Let s(i) = -i**3 + 5*i**2 - 2*i + 4. Let f be 3/6*(-16)/(-2). List the prime factors of s(f).
2, 3
Let s = 2 + -2. Let m = s - 4. Let j = m + 7. What are the prime factors of j?
3
Let j(s) = 9 + 5*s + 7*s**2 - 6*s**2 + 2*s. List the prime factors of j(-7).
3
Suppose -3*b = -5*b - 20. List the prime factors of ((-72)/(-30))/((-3)/b).
2
Let s be (0 - 0) + 2 + -1. Let o(m) = -m - m + 0*m**2 - s + 2*m**2. List the prime factors of o(2).
3
Suppose 3*x = -2*x + 10. Suppose 0 = -3*z + 3, 6*z = -x*p + z + 17. Let q(u) = u**3 - 5*u**2 - 5*u + 6. List the prime factors of q(p).
2, 3
Suppose -i - t + 5 = -16, 2*i - 3*t = 22. What are the prime factors of i?
17
Suppose -5*h = -3*h - 8. Suppose -103 = -3*p + 4*v - 1, -2*p + h*v = -72. List the prime factors of p/(-4)*8/(-4).
3, 5
Let m = -17 + 11. What are the prime factors of ((-10)/m)/((-13)/(-39))?
5
Let t(s) = s**3 - 8*s**2 + s + 2. Let k be t(8). Let m = k - 6. What are the prime factors of m?
2
Suppose -3*a + 5*x + 54 + 52 = 0, 5*a = 4*x + 155. Let k be 2/6 - (-126)/a. Suppose 69 = k*z - 2*z. List the prime factors of z.
23
Suppose -4*q + 16 = 0, o - 2*o - 3*q + 54 = 0. List the prime factors of o.
2, 3, 7
Let k(w) = 3*w**3 - 2*w**2 - w + 1. Let b = 3 + -1. What are the prime factors of k(b)?
3, 5
Suppose 4*z - 54 = 14. List the prime factors of z.
17
Suppose 4*o - 22 = 2*u - 94, -3*u = o - 101. What are the prime factors of u?
2, 17
Let n(d) = 2*d**2 - 13*d + 8. List the prime factors of n(8).
2
What are the prime factors of (-15368)/(-238) + 4/(-7)?
2
Suppose n = -2*x - 0*x + 31, 5*n - 181 = 3*x. What are the prime factors of n?
5, 7
Let z(u) = 44*u - 4. List the prime factors of z(1).
2, 5
Suppose -3*w + 2*j = j + 39, -w = 5*j + 13. Let t = -6 - w. List the prime factors of t.
7
Let n = 39 - 189. Let o = -101 - n. List the prime factors of o.
7
Suppose 4*k - 233 = -73. Suppose 2*i - 4*i = -x + 16, -k = -4*x + 2*i. What are the prime factors of x?
2
Suppose 0 = -4*y + y + 3. Let u = 4 - 3. Let b = u + y. List the prime factors of b.
2
Let i be (-1)/(2*(-1)/10). Suppose -i*v + 316 = 96. Suppose -5*s + s = -v. What are the prime factors of s?
11
Let c = 126 + -60. What are the prime factors of c?
2, 3, 11
Let o(k) = 211*k**2 + k + 1. List the prime factors of o(-1).
211
Suppose -5*r = -30 - 5. Suppose 2*u = r*u. Suppose -2*v + u*v = -12. What are the prime factors of v?
2, 3
Let n = -29 - -20. Let q = n - -14. List the prime factors of q.
5
Let a(z) = -2*z**2 + 7 + 3*z**2 + z**2 + 7*z. List the prime factors of a(-6).
37
Let y be (9/6)/((-3)/6). What are the prime factors of (-244)/(-7) - y/21?
5, 7
Suppose 0 = -2*u + u + 13. Let g = 37 - u. Suppose 0 = -4*i - 5*t + 40, 4*i - 16 = 4*t + g. What are the prime factors of i?
2, 5
Let q be 1 + 2 - -1 - 1. Suppose -3*a + 2*h = -59 + 20, -46 = -5*a - q*h. List the prime factors of a.
11
Suppose -4*g + 1 = 17, -2*g + 977 = 5*s. List the prime factors of s.
197
Suppose 4*r + 77 = l, r = -l - 2*r + 112. What are the prime factors of l?
97
Let j(p) = p**2 + 6*p - 6. List the prime factors of j(-16).
2, 7, 11
Let g(j) = -19*j - 33. List the prime factors of g(-10).
157
Let z(a) = 3*a**2 + 9*a - 17. What are the prime factors of z(-10)?
193
Suppose 4*n = n. Suppose -b + 2 = -n*b. Suppose -4 = -b*x + 6. What are the prime factors of x?
5
What are the prime factors of (-18)/(-8)*(-4 - -28)?
2, 3
Let o(a) = -a**3 + 8*a**2 + 4. Let x be o(8). Suppose -y - y - x*h + 64 = 0, -y + 31 = h. List the prime factors of y.
2, 3, 5
Suppose 4*t - 26 = 34. List the prime factors of ((-18)/4)/(t/(-40)).
2, 3
Let g = 51 + -75. Let j be (-2 - -5)/(24/(-32)). What are the prime factors of j/g - (-34)/12?
3
Let y(d) = -5*d. Let u be 2/(-9) - 32/18. What are the prime factors of y(u)?
2, 5
Let p(a) = -a**3 + 7*a**2. Let g be p(7). Suppose 3*b - d = 7, b - 3*d + g = -3. List the prime factors of b.
3
Suppose -8 = -3*s + h, -2*s - 7 = -4*s + h. Let o(d) be the third derivative of 3*d**6/20 - d**5/30 + d**4/24 - d**2 - 22*d. What are the prime factors of o(s)?
17
Let b(j) = 5*j**2 + 4*j + 4. List the prime factors of b(-3).
37
Suppose 4*c + 144 = 2*p, 3*c + c = -5*p + 430. List the prime factors of p.
2, 41
Let k be (-2)/8 - (-39)/12. Suppose 8*y - k*l = 3*y + 66, -4*y = -4*l - 48. What are the prime factors of y?
3, 5
Suppose 6*r + 2*n + 19 = r, -5*n + 15 = 0. Let g be (18/(-8))/((-4)/(-16) + -1). What are the prime factors of (-540)/(-25) + g/r?
3, 7
Suppose -2*s = -31 - 21. List the prime factors of s.
2, 13
Suppose 5*z - 2*m = 41, 0 = -5*z - 0*m + 3*m + 44. Suppose -4*b + 9 = -z*b. What are the prime factors of ((-10)/b)/((-6)/(-9))?
5
Suppose 238 = h - 3*n, -5*n = h - 6*n - 244. What are the prime factors of h?
13, 19
Let a(b) = -7*b + 15. Let m(y) = -13*y + 31. Let l(w) = -5*a(w) + 2*m(w). List the prime factors of l(6).
41
Suppose 0 = -14*u + 354 + 192. What are the prime factors of u?
3, 13
Let c = 13 + -8. Suppose -5*n + 3*j + 16 + 3 = 0, 5*j + 5 = -c*n. List the prime factors of n.
2
Suppose 0 = -2*f - 78 + 328. Suppose 3*g - f = -47. What are the prime factors of g?
2, 13
Suppose 0 = 4*q + 2*n - 1000, -4*n - 418 - 332 = -3*q. What are the prime factors of q?
2, 5
Let p(o) = -o**3 + 9*o**2 + 11. Let f(w) = -w**2 - 6*w + 1. Suppose 0 = -q - 4*q - 20. Let v be f(q). What are the prime factors of p(v)?
11
Let g(n) = -n**2 + 9*n + 2. Let m be g(9). Suppose a - m*a = 0. Let z = a + 8. List the prime factors of z.
2
What are the prime factors of (-4)/(-14) - (-124)/7?
2, 3
Let u(g) = -g**3 + 2*g**2 - 2*g. Let r be u(2). Let d be r/(((-6)/(-21))/(-1)). Suppose k + 3*n = 0, 3*n + 10 + d = 3*k. List the prime factors of k.
2, 3
Let m = -17 + 18. Let c(o) = -5*o**3 + 2*o + o**3 - 1 + 17*o**3 - 2*o**2. List the prime factors of c(m).
2, 3
Let s = 121 + -85. List the prime factors of s.
2, 3
Let w(z) = -z**3 - 9*z**2 - 2*z - 7. Let c be w(-9). Let j(i) = -15 + 2*i - 4 + 3. List the prime factors of j(c).
2, 3
Let w(y) = y**3 - 6*y**2 + 7*y. What are the prime factors of w(5)?
2, 5
Let o(h) = h**2 - 2*h + 1. Let v be o(3). Let c = v - 7. What are the prime factors of -1*2*12/c?
2
Let s be 2 - 4/(8/(-10)). Let y = s + -1. What are the prime factors of (y - 3)*(-2)/(-3)?
2
Let d(x) = 2*x. Let o be d(-1). Let b = o - -2. Let u(v) = v**2 + v + 6. What are the prime factors of u(b)?
2, 3
Suppose 65 + 185 = 5*i. List the prime factors of i.
2, 5
Suppose 4*k - 2*x = 2*k + 52, x - 2 = 0. List the prime factors of k.
2, 7
Let z(m) = m**2 - 4*m - 10. What are the prime factors of z(-8)?
2, 43
Let p(i) = -28*i**3 - 2*i**2 - 2*i - 1. List the prime factors of p(-1).
3
Suppose -4*c + 135 = f, -2*f + 4*f = -2*c + 60. List the prime factors of c.
5, 7
Let y(k) = -k**3 + 4*k**2 + 3*k - 6. Suppose -4 = 4*v - 16. Let s be -2 + (v - -1) + 2. List the prime factors of y(s).
2, 3
Let k = 11 + 6. List the prime factors of k.
17
Let u = 0 - 12. Let m = -8 - u. Suppose -m*r + 7 = -3*r. What are the prime factors of r?
7
List the prime factors of (0/(-1) - -4) + 35.
3, 13
Let y = 13 - -4. Let q = y - 12. What are the prime factors of q?
5
What are th